{"id":2200,"date":"2021-07-12T19:22:01","date_gmt":"2021-07-13T00:22:01","guid":{"rendered":"https:\/\/iglesiadecristomanizales.com\/?page_id=2200"},"modified":"2024-08-20T10:52:22","modified_gmt":"2024-08-20T15:52:22","slug":"servicios","status":"publish","type":"page","link":"https:\/\/iglesiadecristomanizales.com\/?page_id=2200","title":{"rendered":"SERVICIOS"},"content":{"rendered":"<p>[et_pb_section fb_built=&#8221;1&#8243; _builder_version=&#8221;4.16&#8243; _module_preset=&#8221;default&#8221; global_colors_info=&#8221;{}&#8221;][et_pb_row _builder_version=&#8221;4.16&#8243; _module_preset=&#8221;default&#8221; global_colors_info=&#8221;{}&#8221;][et_pb_column type=&#8221;4_4&#8243; _builder_version=&#8221;4.16&#8243; _module_preset=&#8221;default&#8221; global_colors_info=&#8221;{}&#8221;][et_pb_text _builder_version=&#8221;4.16&#8243; _module_preset=&#8221;default&#8221; text_font=&#8221;Lato|900||on|||||&#8221; text_text_color=&#8221;#af292e&#8221; text_font_size=&#8221;50px&#8221; text_line_height=&#8221;1.8em&#8221; text_orientation=&#8221;center&#8221; text_text_shadow_style=&#8221;preset3&#8243; global_colors_info=&#8221;{}&#8221;]<\/p>\n<p>NUESTROS SERVICIOS B\u00cdBLICOS<\/p>\n<p>[\/et_pb_text][et_pb_text _builder_version=&#8221;4.16&#8243; _module_preset=&#8221;default&#8221; text_font=&#8221;Lato|900|on||||||&#8221; text_font_size=&#8221;25px&#8221; text_line_height=&#8221;1.4em&#8221; text_orientation=&#8221;center&#8221; global_colors_info=&#8221;{}&#8221;]<\/p>\n<p>Puede aprovechar nuestros diferentes espacios de estudio b\u00edblico, devocionales, reflexiones, asamblea general, espacios virtuales, grupos de whatsapp, grupo de j\u00f3venes, clases de ni\u00f1os, estudios familiares, estudios por correspondencia, y algo m\u00e1s.<\/p>\n<p>[\/et_pb_text][et_pb_divider _builder_version=&#8221;4.16&#8243; _module_preset=&#8221;default&#8221; global_colors_info=&#8221;{}&#8221;][\/et_pb_divider][\/et_pb_column][\/et_pb_row][et_pb_row _builder_version=&#8221;4.16&#8243; _module_preset=&#8221;default&#8221; global_colors_info=&#8221;{}&#8221;][et_pb_column type=&#8221;4_4&#8243; _builder_version=&#8221;4.16&#8243; _module_preset=&#8221;default&#8221; global_colors_info=&#8221;{}&#8221;][et_pb_text _builder_version=&#8221;4.27.0&#8243; _module_preset=&#8221;default&#8221; text_font=&#8221;Lato|900|on||||||&#8221; text_text_color=&#8221;#af292e&#8221; text_font_size=&#8221;45px&#8221; text_letter_spacing=&#8221;9px&#8221; text_orientation=&#8221;center&#8221; hover_enabled=&#8221;0&#8243; global_colors_info=&#8221;{}&#8221; sticky_enabled=&#8221;0&#8243;]<\/p>\n<p>Domingo &#8211; Culto Principal<\/p>\n<p>[\/et_pb_text][\/et_pb_column][\/et_pb_row][et_pb_row column_structure=&#8221;2_5,3_5&#8243; _builder_version=&#8221;4.16&#8243; _module_preset=&#8221;default&#8221; global_colors_info=&#8221;{}&#8221;][et_pb_column type=&#8221;2_5&#8243; _builder_version=&#8221;4.16&#8243; _module_preset=&#8221;default&#8221; global_colors_info=&#8221;{}&#8221;][et_pb_image src=&#8221;https:\/\/iglesiadecristomanizales.com\/wp-content\/uploads\/2021\/07\/Santa_Cena.jpg&#8221; title_text=&#8221;Santa_Cena&#8221; _builder_version=&#8221;4.16&#8243; _module_preset=&#8221;default&#8221; border_radii=&#8221;on|30px|30px|30px|30px&#8221; global_colors_info=&#8221;{}&#8221;][\/et_pb_image][\/et_pb_column][et_pb_column type=&#8221;3_5&#8243; _builder_version=&#8221;4.16&#8243; _module_preset=&#8221;default&#8221; global_colors_info=&#8221;{}&#8221;][et_pb_text _builder_version=&#8221;4.16&#8243; _module_preset=&#8221;default&#8221; text_font=&#8221;Lato||on||||||&#8221; text_font_size=&#8221;25px&#8221; text_line_height=&#8221;1.4em&#8221; ul_line_height=&#8221;1.4em&#8221; text_orientation=&#8221;justified&#8221; global_colors_info=&#8221;{}&#8221;]<\/p>\n<p><span style=\"color: #ff0000;\"><strong>9:00 a.m. &#8211; 11:00 a.m<\/strong><\/span><\/p>\n<p><strong>La iglesia se re\u00fane con el prop\u00f3sito de llevar a cabo los mandamientos de Dios, como son:<\/strong><\/p>\n<ul>\n<li><strong>Cantar<\/strong> Efes. 5:19.<\/li>\n<li><strong>Orar<\/strong> 1 Ts 5:17.<\/li>\n<li><strong>Conmemorar la muerte, sepultura y resurrecci\u00f3n de Cristo (Cena del Se\u00f1or)<\/strong> Hech. 20:7; 1 Cor 11:23.<\/li>\n<li><strong>Ofrendar conforme se ha prosperado (individualmente)<\/strong> 1 Cor. 16:1-2.<\/li>\n<li><strong>Estudiar la palabra de Dios<\/strong> 2 Tim. 2:15; 2 Tim. 3:16-17.<\/li>\n<\/ul>\n<p><strong>Otros servicios:<\/strong><\/p>\n<ul>\n<li>Clase de ni\u00f1os.<\/li>\n<\/ul>\n<p>[\/et_pb_text][\/et_pb_column][\/et_pb_row][et_pb_row _builder_version=&#8221;4.16&#8243; _module_preset=&#8221;default&#8221; global_colors_info=&#8221;{}&#8221;][et_pb_column type=&#8221;4_4&#8243; _builder_version=&#8221;4.16&#8243; _module_preset=&#8221;default&#8221; global_colors_info=&#8221;{}&#8221;][et_pb_text _builder_version=&#8221;4.27.0&#8243; _module_preset=&#8221;default&#8221; text_font=&#8221;Lato|900|on||||||&#8221; text_text_color=&#8221;#af292e&#8221; text_font_size=&#8221;45px&#8221; text_letter_spacing=&#8221;9px&#8221; text_orientation=&#8221;center&#8221; hover_enabled=&#8221;0&#8243; global_colors_info=&#8221;{}&#8221; sticky_enabled=&#8221;0&#8243;]<\/p>\n<p>Mi\u00e9rcoles &#8211; Estudio B\u00edblico<\/p>\n<p>[\/et_pb_text][\/et_pb_column][\/et_pb_row][et_pb_row column_structure=&#8221;3_5,2_5&#8243; _builder_version=&#8221;4.16&#8243; _module_preset=&#8221;default&#8221; global_colors_info=&#8221;{}&#8221;][et_pb_column type=&#8221;3_5&#8243; _builder_version=&#8221;4.16&#8243; _module_preset=&#8221;default&#8221; global_colors_info=&#8221;{}&#8221;][et_pb_text _builder_version=&#8221;4.16&#8243; _module_preset=&#8221;default&#8221; text_font=&#8221;Lato||on||||||&#8221; text_font_size=&#8221;25px&#8221; text_line_height=&#8221;1.5em&#8221; ul_line_height=&#8221;1.4em&#8221; text_orientation=&#8221;justified&#8221; global_colors_info=&#8221;{}&#8221;]<\/p>\n<p><span style=\"color: #ff0000;\"><strong>7:00 p.m. &#8211; 8:00 p.m.<\/strong><\/span><\/p>\n<ul>\n<li><strong>Cantar<\/strong> Efes. 5:19.<\/li>\n<li><strong>Orar<\/strong> 1 Ts 5:17.<\/li>\n<li><strong>Estudiar la palabra de Dios<\/strong> 2 Tim. 2:15; 2 Tim. 3:16-17.<\/li>\n<\/ul>\n<p>[\/et_pb_text][\/et_pb_column][et_pb_column type=&#8221;2_5&#8243; _builder_version=&#8221;4.16&#8243; _module_preset=&#8221;default&#8221; global_colors_info=&#8221;{}&#8221;][et_pb_image src=&#8221;https:\/\/iglesiadecristomanizales.com\/wp-content\/uploads\/2019\/09\/notas.jpg&#8221; title_text=&#8221;notas&#8221; _builder_version=&#8221;4.16&#8243; _module_preset=&#8221;default&#8221; border_radii=&#8221;on|30px|30px|30px|30px&#8221; global_colors_info=&#8221;{}&#8221;][\/et_pb_image][\/et_pb_column][\/et_pb_row][et_pb_row _builder_version=&#8221;4.16&#8243; _module_preset=&#8221;default&#8221; global_colors_info=&#8221;{}&#8221;][et_pb_column type=&#8221;4_4&#8243; _builder_version=&#8221;4.16&#8243; _module_preset=&#8221;default&#8221; global_colors_info=&#8221;{}&#8221;][et_pb_text _builder_version=&#8221;4.27.0&#8243; _module_preset=&#8221;default&#8221; text_font=&#8221;Lato|900|on||||||&#8221; text_text_color=&#8221;#af292e&#8221; text_font_size=&#8221;45px&#8221; text_letter_spacing=&#8221;9px&#8221; text_orientation=&#8221;center&#8221; hover_enabled=&#8221;0&#8243; global_colors_info=&#8221;{}&#8221; sticky_enabled=&#8221;0&#8243;]<\/p>\n<p>S\u00e1bado &#8211; Servicio de Adoraci\u00f3n<\/p>\n<p>[\/et_pb_text][\/et_pb_column][\/et_pb_row][et_pb_row column_structure=&#8221;2_5,3_5&#8243; _builder_version=&#8221;4.16&#8243; _module_preset=&#8221;default&#8221; global_colors_info=&#8221;{}&#8221;][et_pb_column type=&#8221;2_5&#8243; _builder_version=&#8221;4.16&#8243; _module_preset=&#8221;default&#8221; global_colors_info=&#8221;{}&#8221;][et_pb_image src=&#8221;https:\/\/iglesiadecristomanizales.com\/wp-content\/uploads\/2021\/07\/canto.jpg&#8221; title_text=&#8221;canto&#8221; _builder_version=&#8221;4.16&#8243; _module_preset=&#8221;default&#8221; border_radii=&#8221;on|30px|30px|30px|30px&#8221; global_colors_info=&#8221;{}&#8221;][\/et_pb_image][\/et_pb_column][et_pb_column type=&#8221;3_5&#8243; _builder_version=&#8221;4.16&#8243; _module_preset=&#8221;default&#8221; global_colors_info=&#8221;{}&#8221;][et_pb_text _builder_version=&#8221;4.27.0&#8243; _module_preset=&#8221;default&#8221; text_font=&#8221;Lato||on||||||&#8221; text_font_size=&#8221;25px&#8221; text_line_height=&#8221;1.4em&#8221; ul_line_height=&#8221;1.4em&#8221; ol_text_align=&#8221;justify&#8221; ol_line_height=&#8221;1.4em&#8221; text_orientation=&#8221;justified&#8221; hover_enabled=&#8221;0&#8243; global_colors_info=&#8221;{}&#8221; sticky_enabled=&#8221;0&#8243;]<\/p>\n<p><span style=\"color: #ff0000;\"><strong>6:00 p.m. &#8211; 8:00 p.m.<\/strong><\/span><\/p>\n<ul>\n<li><strong>Cantar<\/strong> Efes. 5:19.<\/li>\n<li><strong>Orar<\/strong> 1 Ts 5:17.<\/li>\n<li><strong>Estudiar la palabra de Dios<\/strong> 2 Tim. 2:15; 2 Tim. 3:16-17.<\/li>\n<\/ul>\n<p>[\/et_pb_text][\/et_pb_column][\/et_pb_row][et_pb_row _builder_version=&#8221;4.16&#8243; _module_preset=&#8221;default&#8221; global_colors_info=&#8221;{}&#8221;][et_pb_column type=&#8221;4_4&#8243; _builder_version=&#8221;4.16&#8243; _module_preset=&#8221;default&#8221; global_colors_info=&#8221;{}&#8221;][et_pb_divider _builder_version=&#8221;4.16&#8243; _module_preset=&#8221;default&#8221; global_colors_info=&#8221;{}&#8221;][\/et_pb_divider][\/et_pb_column][\/et_pb_row][et_pb_row _builder_version=&#8221;4.16&#8243; _module_preset=&#8221;default&#8221; global_colors_info=&#8221;{}&#8221;][et_pb_column type=&#8221;4_4&#8243; _builder_version=&#8221;4.16&#8243; _module_preset=&#8221;default&#8221; global_colors_info=&#8221;{}&#8221;][et_pb_text _builder_version=&#8221;4.16&#8243; _module_preset=&#8221;default&#8221; text_font=&#8221;Lato|900|on||||||&#8221; text_text_color=&#8221;#af292e&#8221; text_font_size=&#8221;45px&#8221; text_letter_spacing=&#8221;9px&#8221; text_line_height=&#8221;1.8em&#8221; text_orientation=&#8221;center&#8221; global_colors_info=&#8221;{}&#8221;]<\/p>\n<p>Otros espacios | servicios<\/p>\n<p>[\/et_pb_text][\/et_pb_column][\/et_pb_row][et_pb_row column_structure=&#8221;1_4,3_4&#8243; _builder_version=&#8221;4.16&#8243; _module_preset=&#8221;default&#8221; global_colors_info=&#8221;{}&#8221;][et_pb_column type=&#8221;1_4&#8243; _builder_version=&#8221;4.16&#8243; _module_preset=&#8221;default&#8221; global_colors_info=&#8221;{}&#8221;][et_pb_image src=&#8221;https:\/\/iglesiadecristomanizales.com\/wp-content\/uploads\/2019\/06\/WhatsApp-Image-2019-06-10-at-11.54.44-AM-1.jpeg&#8221; title_text=&#8221;WhatsApp Image 2019-06-10 at 11.54.44 AM (1)&#8221; _builder_version=&#8221;4.16&#8243; _module_preset=&#8221;default&#8221; border_radii=&#8221;on|25px|25px|25px|25px&#8221; global_colors_info=&#8221;{}&#8221;][\/et_pb_image][\/et_pb_column][et_pb_column type=&#8221;3_4&#8243; _builder_version=&#8221;4.16&#8243; _module_preset=&#8221;default&#8221; global_colors_info=&#8221;{}&#8221;][et_pb_text _builder_version=&#8221;4.24.2&#8243; _module_preset=&#8221;default&#8221; text_font=&#8221;Lato||on||||||&#8221; text_font_size=&#8221;25px&#8221; text_line_height=&#8221;1.4em&#8221; ul_line_height=&#8221;1.4em&#8221; ol_text_align=&#8221;justify&#8221; ol_line_height=&#8221;1.4em&#8221; text_orientation=&#8221;justified&#8221; global_colors_info=&#8221;{}&#8221;]<\/p>\n<p><span style=\"color: #ff0000;\"><strong>MEJORES ESTUDIANTES DE LA BIBLIA<\/strong><\/span><\/p>\n<p><span style=\"color: #000000;\">Viernes | 6:30 p.m.<\/span><\/p>\n<ul>\n<li><b>Entrenamiento para servir en la iglesia del Se\u00f1or.<\/b><\/li>\n<li><b>Clases de Homil\u00e9tica<\/b><\/li>\n<li><b>Clases de Hermen\u00e9utica<\/b><\/li>\n<\/ul>\n<p>Algunas de estas clases se realizan de forma presencial en el local de reuni\u00f3n, otras se llevan a cabo por la plataforma de Teams.<\/p>\n<p>[\/et_pb_text][\/et_pb_column][\/et_pb_row][et_pb_row column_structure=&#8221;1_4,3_4&#8243; _builder_version=&#8221;4.16&#8243; _module_preset=&#8221;default&#8221; global_colors_info=&#8221;{}&#8221;][et_pb_column type=&#8221;1_4&#8243; _builder_version=&#8221;4.16&#8243; _module_preset=&#8221;default&#8221; global_colors_info=&#8221;{}&#8221;][et_pb_image src=&#8221;https:\/\/iglesiadecristomanizales.com\/wp-content\/uploads\/2019\/05\/img-20190505-wa00052915320607587859128.jpg&#8221; title_text=&#8221;img-20190505-wa00052915320607587859128.jpg&#8221; _builder_version=&#8221;4.16&#8243; _module_preset=&#8221;default&#8221; border_radii=&#8221;on|25px|25px|25px|25px&#8221; global_colors_info=&#8221;{}&#8221;][\/et_pb_image][\/et_pb_column][et_pb_column type=&#8221;3_4&#8243; _builder_version=&#8221;4.16&#8243; _module_preset=&#8221;default&#8221; global_colors_info=&#8221;{}&#8221;][et_pb_text _builder_version=&#8221;4.16&#8243; _module_preset=&#8221;default&#8221; text_font=&#8221;Lato||on||||||&#8221; text_font_size=&#8221;25px&#8221; text_line_height=&#8221;1.4em&#8221; ul_line_height=&#8221;1.4em&#8221; ol_text_align=&#8221;justify&#8221; ol_line_height=&#8221;1.4em&#8221; text_orientation=&#8221;justified&#8221; global_colors_info=&#8221;{}&#8221;]<\/p>\n<p><span style=\"color: #ff0000;\"><strong>ESTUDIOS MUJERES<\/strong><\/span><\/p>\n<p><span style=\"color: #000000;\">Fechas Planeadas | <a href=\"https:\/\/wa.link\/lj0i8v\">PREGUNTAR AQU\u00cd<\/a><\/span><\/p>\n<ul>\n<li><span style=\"font-size: 25px;\">Algunas de estas clases se realizan de forma presencial en el local de reuni\u00f3n, otras se llevan a cabo por la plataforma de Teams.<\/span><\/li>\n<\/ul>\n<p>[\/et_pb_text][\/et_pb_column][\/et_pb_row][et_pb_row column_structure=&#8221;1_4,3_4&#8243; _builder_version=&#8221;4.16&#8243; _module_preset=&#8221;default&#8221; global_colors_info=&#8221;{}&#8221;][et_pb_column type=&#8221;1_4&#8243; _builder_version=&#8221;4.16&#8243; _module_preset=&#8221;default&#8221; global_colors_info=&#8221;{}&#8221;][et_pb_image src=&#8221;https:\/\/iglesiadecristomanizales.com\/wp-content\/uploads\/2014\/07\/about1-1.jpg&#8221; title_text=&#8221;about1&#8243; _builder_version=&#8221;4.16&#8243; _module_preset=&#8221;default&#8221; border_radii=&#8221;on|25px|25px|25px|25px&#8221; global_colors_info=&#8221;{}&#8221;][\/et_pb_image][\/et_pb_column][et_pb_column type=&#8221;3_4&#8243; _builder_version=&#8221;4.16&#8243; _module_preset=&#8221;default&#8221; global_colors_info=&#8221;{}&#8221;][et_pb_text _builder_version=&#8221;4.16&#8243; _module_preset=&#8221;default&#8221; text_font=&#8221;Lato||on||||||&#8221; text_font_size=&#8221;25px&#8221; text_line_height=&#8221;1.4em&#8221; ul_line_height=&#8221;1.4em&#8221; ol_text_align=&#8221;justify&#8221; ol_line_height=&#8221;1.4em&#8221; text_orientation=&#8221;justified&#8221; global_colors_info=&#8221;{}&#8221;]<\/p>\n<p><span style=\"color: #ff0000;\"><strong>ESPERE PRONTO<\/strong><\/span><\/p>\n<p><strong><span style=\"color: #000000;\">Transmisiones por nuestro canal de YouTube (<a href=\"https:\/\/www.youtube.com\/channel\/UCf6mFYDnGS0eaKDWuRlW3Zg\">Clic Aqu\u00ed para ver el Canal<\/a>)<\/span><\/strong><\/p>\n<ul>\n<li>Estudios sobre el hogar (Noviazgo, Matrimonio, Padres, Abuelos, Crianza de hijos, Temas de Sexualidad, y algo m\u00e1s).<\/li>\n<li>Primeros rudimentos de la biblia.<\/li>\n<li>Iniciando en los caminos del Se\u00f1or.<\/li>\n<\/ul>\n<p>[\/et_pb_text][\/et_pb_column][\/et_pb_row][\/et_pb_section][et_pb_section fb_built=&#8221;1&#8243; _builder_version=&#8221;4.16&#8243; _module_preset=&#8221;default&#8221; global_colors_info=&#8221;{}&#8221;][et_pb_row _builder_version=&#8221;4.16&#8243; _module_preset=&#8221;default&#8221; global_colors_info=&#8221;{}&#8221;][et_pb_column type=&#8221;4_4&#8243; _builder_version=&#8221;4.16&#8243; _module_preset=&#8221;default&#8221; global_colors_info=&#8221;{}&#8221;][et_pb_divider _builder_version=&#8221;4.16&#8243; _module_preset=&#8221;default&#8221; global_colors_info=&#8221;{}&#8221;][\/et_pb_divider][\/et_pb_column][\/et_pb_row][\/et_pb_section]<\/p>\n","protected":false},"excerpt":{"rendered":"<p>NUESTROS SERVICIOS B\u00cdBLICOSPuede aprovechar nuestros diferentes espacios de estudio b\u00edblico, devocionales, reflexiones, asamblea general, espacios virtuales, grupos de whatsapp, grupo de j\u00f3venes, clases de ni\u00f1os, estudios familiares, estudios por correspondencia, y algo m\u00e1s.Domingo &#8211; Culto Principal9:00 a.m. &#8211; 11:00 a.m La iglesia se re\u00fane con el prop\u00f3sito de llevar a cabo los mandamientos de Dios, [&hellip;]<\/p>\n","protected":false},"author":2,"featured_media":0,"parent":0,"menu_order":0,"comment_status":"closed","ping_status":"closed","template":"","meta":{"_et_pb_use_builder":"on","_et_pb_old_content":"","_et_gb_content_width":"","footnotes":""},"class_list":["post-2200","page","type-page","status-publish","hentry"],"_links":{"self":[{"href":"https:\/\/iglesiadecristomanizales.com\/index.php?rest_route=\/wp\/v2\/pages\/2200","targetHints":{"allow":["GET"]}}],"collection":[{"href":"https:\/\/iglesiadecristomanizales.com\/index.php?rest_route=\/wp\/v2\/pages"}],"about":[{"href":"https:\/\/iglesiadecristomanizales.com\/index.php?rest_route=\/wp\/v2\/types\/page"}],"author":[{"embeddable":true,"href":"https:\/\/iglesiadecristomanizales.com\/index.php?rest_route=\/wp\/v2\/users\/2"}],"replies":[{"embeddable":true,"href":"https:\/\/iglesiadecristomanizales.com\/index.php?rest_route=%2Fwp%2Fv2%2Fcomments&post=2200"}],"version-history":[{"count":15,"href":"https:\/\/iglesiadecristomanizales.com\/index.php?rest_route=\/wp\/v2\/pages\/2200\/revisions"}],"predecessor-version":[{"id":19079,"href":"https:\/\/iglesiadecristomanizales.com\/index.php?rest_route=\/wp\/v2\/pages\/2200\/revisions\/19079"}],"wp:attachment":[{"href":"https:\/\/iglesiadecristomanizales.com\/index.php?rest_route=%2Fwp%2Fv2%2Fmedia&parent=2200"}],"curies":[{"name":"wp","href":"https:\/\/api.w.org\/{rel}","templated":true}]}}